he remainder when 112 is divided by m?
34
Let l = -12575 - -12581. Calculate the remainder when 4684 is divided by l.
4
Suppose -3*u - 8 = 4*m, 3*m - 5*m = u + 6. Suppose 0 = p - 3, -18*l + u*p + 24 = -16*l. Calculate the remainder when 157 is divided by l.
13
Let b = 64 - 121. Let s = b - -151. Let d = -5853 - -5872. What is the remainder when s is divided by d?
18
What is the remainder when 3227 + (97/33 - 198/(-3267)) is divided by 66?
62
Suppose -1153 + 1135 = 3*w, -3*q - 3*w + 16644 = 0. Calculate the remainder when q is divided by 139.
133
Let v(c) = -c - 2. Let r be v(2). Suppose 199*p = 152*p + 490 + 27. Calculate the remainder when (-9)/r*8/1 is divided by p.
7
Let s(i) = 28*i**2 + 3*i + 7. Let z be s(-2). Suppose -z = f - 128. Suppose 5*b = -f, 3*d + b - 198 = -2*b. Calculate the remainder when d is divided by 15.
9
Let l = -73 + 80. Let k = 10 - l. Suppose -19 = 2*j + o - 352, 5*o = k*j - 467. What is the remainder when j is divided by 56?
52
Suppose -4*p + 0*p = -5*i - 207, 5*i = -5*p + 225. Let l = -46 + p. Suppose -2*q + 3 = -11. Calculate the remainder when q is divided by l.
1
Let w(k) = 2*k - 5. Let u(c) = -1. Let g(f) = 4*u(f) - w(f). Let x be g(15). Let z = -19 - x. What is the remainder when 28 is divided by z?
8
Let z(m) = 62*m**3 - 80*m**2 + 3*m - 1. Calculate the remainder when z(2) is divided by 18.
1
Let o = 6419 + -6369. What is the remainder when 432 is divided by o?
32
Let f = 9460 - 7686. What is the remainder when f is divided by 879?
16
Let g(d) = 5*d**3 - 84*d**2 - 19*d + 50. Calculate the remainder when (-16)/(-40) - (-1396)/10 is divided by g(17).
12
Suppose 66*y + 1210 = -1232. Let d = y + 97. What is the remainder when 194 is divided by d?
14
Let g = 75 + -40. Let q be (-1)/((27/234)/3). Calculate the remainder when g is divided by -4*(-9)/(-72)*q.
9
Suppose -261*a + 43*a + 45187 = -118095. What is the remainder when a is divided by 188?
185
Let a = -74 + 167. Suppose -9*l + l + 800 = 0. Suppose 101*x - 16 = l*x. What is the remainder when a is divided by x?
13
Suppose 2*q + 4*n = -2*q + 40, -2*q - 5*n = -14. What is the remainder when q/(-138) - 3456/(-69) is divided by 11?
6
Let u = 45 - 43. Let s = 61 + -30. Suppose 2*i + s = t, 4*i + 104 = 6*t - u*t. Calculate the remainder when 78 is divided by t.
15
Suppose 0 = 2*c + 5*o - 2626, -4*c + 2430 + 2758 = 2*o. Calculate the remainder when c is divided by 131.
114
Let t(i) = i**3 - 7*i**2 + 5*i + 8. Let n be t(6). Let x be (-44)/66*(-597)/n. Calculate the remainder when x - (1 - (4 - 5)) is divided by 25.
22
Suppose 3*d = o + 142, -4*o + 47 = -5*d + 286. Let h(r) = r**3 - r**2 - 2*r + 3. Let n be h(4). Let q = d - n. Calculate the remainder when 13 is divided by q.
1
Let t = 0 + 12. Let b(l) = -32*l**2 - 4*l - 15. Let z(f) = -63*f**2 - 7*f - 32. Let r(a) = -9*b(a) + 4*z(a). Calculate the remainder when r(-1) is divided by t.
11
Let z = -534 - -538. Suppose z*g - 139 = -3*y, -5*y + 0*g + 2*g + 275 = 0. What is the remainder when y is divided by 19?
15
Let y(m) = -2*m**3 - 2*m**2 - 2*m + 2. Suppose 823*h = 822*h - 244. Let j = h + 283. What is the remainder when j is divided by y(-2)?
11
Let q(w) = -w**3 + 10*w**2 + 4. Let k(a) = -a**2 - a + 78. Calculate the remainder when q(9) is divided by k(7).
19
Suppose 0 = -22*i - 47 + 135. Suppose 0 = 2*x - i*m - 144, -m + 22 = x - 50. Calculate the remainder when x is divided by 38.
34
Suppose 0 = 13*w + 478 - 4222. Suppose -18*y = -0*y - w. What is the remainder when 398 is divided by y?
14
Let u be 205689/345 - 4/(-5). Suppose 0*m + 599 = 2*m - 3*y, 0 = -2*m + y + u. Calculate the remainder when m is divided by 5.
3
Let g = 812843 - 812804. Suppose -4*b = -5*c + 19, -b - 2 = c - 13. What is the remainder when g is divided by c?
4
Let n be (3 + 4 + -10)*2404/(-12). Let d = n - 554. What is the remainder when d is divided by 13?
8
Suppose 5*q + 230 = 5*s, 3*s + 4*q + 8 = 139. Let l be 6/(-4)*(-512)/(-192). What is the remainder when (-5797)/(-44) + 3/l is divided by s?
41
Suppose 0 = 5*p - 4*q - 306, 4*p = -5*q + 122 + 131. Let x = 159 - p. Let z(l) = l**2 + 5*l - 52. What is the remainder when x is divided by z(6)?
13
Suppose -5*p + 1 = -24. Suppose -213 = -3*c - 3*n, -5*c + 343 = p*n - 3*n. What is the remainder when 198 is divided by c?
64
Let m = -277 + 490. Calculate the remainder when m is divided by 60 + 0 + -29 - -12.
41
Let w(z) = 2*z**2 + 22*z + 60. Let f be w(-5). Suppose -5*b + f*g - 4*g = -137, 0 = b + g - 28. Calculate the remainder when 77 is divided by b.
2
Suppose -3*b + 25*b = 66. Suppose b*y - 1985 = -4*j, 9*j + 5*y + 2455 = 14*j. What is the remainder when j is divided by 16?
14
What is the remainder when 69 is divided by (-172)/946 - 598/(-22)?
15
Suppose -31*x - 975 + 46195 = 4*x. What is the remainder when 7764 is divided by x?
12
Let s be (207/(-18))/(2*(-1)/4). Suppose -53 = -5*t - s. What is the remainder when t is divided by 6?
0
Let h(g) = -13*g**2 + 32*g + 23. Let y be h(-6). Let f = y - -676. What is the remainder when 131 is divided by f?
14
Let g be 1*(-1 + 3)/((-26)/(-195)). Suppose 3*n = -0*n + q + 16, 5*q - g = -4*n. What is the remainder when n is divided by 3?
2
Suppose -3237 = -39*h - 1181 + 1103. Calculate the remainder when 2261 is divided by h.
74
Let n(p) = -p**3 + 3*p**2 - 3*p + 19. Let m be 1116/396 + 2/11. What is the remainder when 57 is divided by n(m)?
7
Let g be -1*(-29 - -3) + 4. Suppose 12*c - 9*c = 285. Suppose -g*a = -25*a - c. Calculate the remainder when 72 is divided by a.
15
Suppose 267*j - 171*j - 1440 = 0. Calculate the remainder when 2155 is divided by j.
10
Suppose 28 = -2*j - t, j + 2*t - t = -16. Let y(x) = 10*x**2 + 2*x + 1. What is the remainder when 1912/44 - j/22 is divided by y(-1)?
8
Suppose -48*j = 15847 - 2946 - 83845. Calculate the remainder when j is divided by 17.
16
Suppose k - 58 = 7*n, n = 5*k - 9*k + 290. What is the remainder when 427 is divided by k?
67
Suppose 1688 = 6*b + 2*b. Let f = 263 - b. Calculate the remainder when f is divided by 9.
7
Let o = 2780 + -2775. What is the remainder when 20 is divided by o?
0
Let g(r) = r**2 - 10*r + 29. Let q(f) = -1. Let o(x) = g(x) - 6*q(x). Calculate the remainder when 54 is divided by o(8).
16
Let w be -3 + -1 + -1 - -4. Let b be w/(2 - 138/68). Let o = 52 - b. Calculate the remainder when 107 is divided by o.
17
Let m = -62 + 67. Suppose -3*r = -3*o - 129, -134 = 3*o - 7*r + m*r. Let h = 81 + o. Calculate the remainder when 128 is divided by h.
29
Suppose 58*q - 5*x + 353 = 60*q, 2*q + 3*x = 343. Suppose 168*g - 248 = q*g. Calculate the remainder when 244 is divided by g.
58
Suppose -q = 3*u - 834, 2*q - 15 + 9 = 0. Calculate the remainder when u is divided by 16.
5
Suppose -a + 4*s = -76, 4*a - 222*s - 293 = -217*s. What is the remainder when a is divided by 9?
0
Let v = -27 + 32. Suppose v*u + 2*y = y + 325, -3*y - 213 = -3*u. Let z = -40 + u. Calculate the remainder when z is divided by 15.
11
Let i(p) = -4*p + 75. Let x be -4 + 2 - 15/3. Calculate the remainder when i(x) is divided by 27.
22
Suppose -4002 = -10*n - 3202. What is the remainder when n is divided by 1*(64 + 1 + -2)?
17
Let x(j) = j**3 + 7*j**2 - 6*j + 8. Let m(g) = -7*g + 87*g**2 + 28 - 14*g - 88*g**2. What is the remainder when x(-6) is divided by m(-21)?
24
Let z = 89 - 65. Suppose q = -3*q + z. Calculate the remainder when (-12)/8*2*(-44)/6 is divided by q.
4
Let j = 8516 - 8405. What is the remainder when 20866 is divided by j?
109
Suppose 3*m + 4*d = 0, -5*m - 3*d = -4*d. Suppose r = -m*r + 5, 0 = -t + 3*r + 5. Let a(f) = -26*f + 114. What is the remainder when a(3) is divided by t?
16
Suppose 131*w + 156 = 81*w + 63*w. What is the remainder when 295 is divided by w?
7
Let f = 234 - 97. Let c = f + -86. Let q = 14 + 0. Calculate the remainder when c is divided by q.
9
Suppose 4*d + 4*h - 1 = 51, h = 2*d - 26. Suppose 269 = 5*t + 4*y - 305, -2*y = -t + 112. Calculate the remainder when t is divided by d.
10
Suppose -2*m + 4*p + 374 = 3*m, 3*m - p - 223 = 0. Suppose -4277 = -35*d + 3353. What is the remainder when d is divided by m?
70
Calculate the remainder when 2708 is divided by 1 + 3 - ((-650)/(-5))/(-2) - 6.
62
Suppose 5*c + 8 - 13 = 0, c - 73 = -4*l. Calculate the remainder when 115 is divided by l.
7
Let w(h) = -